he value of -70 - 21 - -62 - (-1 - 0)?
-28
What is the value of (-8 - 11 - (9 + 3)) + (0 - -3)?
-28
Evaluate -70 + 74 + -89 + 29.
-56
What is the value of 49 - ((41 - 127) + (3 - -24))?
108
10 + (-23 - ((-25 - 125) + -3)) + (6 - 1)
145
Calculate 6 - (-14 + 1 + 5 - (79 + 0 + -13)).
80
-141 + (-47 - 26 - -152)
-62
What is (-5 - (0 + 0)) + -58 + 69 + 20 + 0?
26
Calculate -35 + (108 - 62) + -17.
-6
60 + 12 + -7 + (8 - ((0 - -3) + 1))
69
-16 - (-6 - -29) - -14
-25
Calculate -17421 + 17501 + (-80 - 0).
0
-4 + (-22 - 1) - (773 + -791)
-9
What is (2 - (2 - -13) - (342 + -353)) + 100?
98
(-38 - ((18 + -9 + -19 - -9) + 3)) + -5
-45
Calculate 0 + 1 - 3 - (455 + -453) - 19.
-23
What is the value of 48 - (3 + -16 - -45)?
16
Calculate -28 + 22 + 7 + 8 + -5.
4
-46 - (11 - (-5 - 22 - -52))
-32
What is the value of 8 + 16 + -1 + (-27 + 13 - 99)?
-90
Evaluate 2 + 0 - (-62 - -116) - -11.
-41
What is (1 - (0 - -37)) + 1 + 57 + -82?
-60
Calculate (7 + -6 - -7) + -13 - (25 + 19 + 21).
-70
What is the value of 40 + -5 + -111 + 46?
-30
What is the value of 55 - 256 - (-188 + 60)?
-73
What is the value of 141 - 60 - (11 + 27)?
43
What is 0 - (5 - 20) - (-152 + 143)?
24
Evaluate 3 - (9 + -17) - (85 - ((-6 - -10) + -3)).
-73
Calculate (12 - -4) + (29 + -63 - 32).
-50
-33 + (-79 - -97) + 54
39
What is -7 + -11 + -9 + (39 - 12)?
0
3124 + -3215 + -2 + 84
-9
-1 - -69 - (-892 + 897) - 4
59
Calculate 32 + -20 - (3 + -4 + -3) - -48.
64
What is the value of -95 - (-76 + (55 - 133))?
59
Calculate -38 - -1 - (-25 + 18 - (-91 + 68)).
-53
What is (5 - 21) + 4 + -18 + (3 + 1 - -1)?
-25
Calculate 4 + -19 + 12 - (-2 - -36).
-37
Evaluate -5 - (13 - ((-10 - -17) + -2)).
-13
What is the value of 1 + -5 + 0 - 6 - (-81 + 47)?
24
Calculate (-27 + -7 - -26 - -4) + 64.
60
Calculate -11 + 1 + (14 - (16 + 5)) + -40.
-57
Evaluate (688 + -715 - (1 - 2)) + 1 + -2.
-27
Calculate 9 + 1 - ((42 + -29 - (36 + 1)) + 5).
29
Calculate ((-17 - -9) + -1 - -14) + 326 + -321.
10
Evaluate 3 + -7 + (6 - -1) + 19 + (-45 - -20).
-3
Evaluate 8 + 3 + 775 + -795 + 0 + 2.
-7
What is -42 + 115 + 6 + -120?
-41
What is the value of -14 - (-38 - (5 + -13 + 13)) - -4?
33
Evaluate -10 + 13 - (-2 + (-3 - 65) + 17).
56
Evaluate -129 - (59 + -63 - 44).
-81
Calculate 4 + -124 + (14 - (-2 + 15 + -6) - 6).
-119
What is (24 + 0 - 43) + 7?
-12
-47 - (-7 + (7 - 1 - (-9 + 8 + -5)))
-52
Calculate 214 + (-30 - 67) - (41 + -2).
78
What is the value of (-32 - 40) + 22 - -44?
-6
What is 2 - (10 + 0 + (-148 - -120))?
20
Evaluate (-27 - 15 - -21 - -68 - 6) + 5 + 2.
48
What is -4 + 10 + 7 - (51 - (12 + -6 + 5))?
-27
What is the value of -10 + -28 + 20 + 22 - -23?
27
What is the value of (-5 - -4) + -12 + 18 + (39 - -12)?
56
What is the value of -1754 + 1636 + 3 + 17 + 4?
-94
Evaluate (-189 - -63) + 34 + -1.
-93
Calculate -84 + 93 + -86 + -3 + 3 + 7.
-70
What is the value of (-94 - (54 + -25)) + 29 - -18?
-76
-51 + 2 + 37 + (86 - (-2 + 6))
70
What is -1 + 72 + (918 - 959)?
30
What is (4 - (9 - -32)) + -8 - -10 - (1 - 12)?
-24
Calculate 37 - ((3 - 4) + (52 - 34)) - -111.
131
Calculate (-3 + 14 - -11) + -36 - (28 - 1).
-41
Calculate (-33 - (8 + -32 + -14)) + (-4 - (0 + 81)).
-80
Calculate 2 - (-97 - (1 - (4 + (15 - 13) + -11))).
105
-46 + (-4 - -106 - 51)
5
Evaluate 35 + (-5 - 11) + (27 - 6).
40
What is 15 + -16 + 5 + 2 - (8 + -1) - -85?
84
Calculate (-24 - -20) + (-9 - -1) + -3 + 15 + -8.
-8
(-8 - 1) + (29 + -15 - (-1 - -7)) + -59
-60
What is -1 + (2 - 2 - (-1 - 74)) + (190868 - 190870)?
72
What is 11 - (65 + (-26 - 8))?
-20
Calculate -70 - (-91 + 101 + -48).
-32
What is 79 + -75 - (18 - (-13 + 19))?
-8
2 + 15 + (629 - 607)
39
Evaluate -3 + 13 + -16 + (0 + 3 - 51).
-54
What is 26 - -1 - (273 - (-142 + 381))?
-7
Calculate 132 - ((0 - -37) + -10).
105
12 + (66 - 41 - 43)
-6
What is -147 + (96 + -91 - -71)?
-71
Calculate -9 + (0 - 1) - (-16 - (-40 + 19 + 36)).
21
(-55 - -22 - -62 - 100) + -27
-98
-103 + 101 - (8 + -2 - 39)
31
What is -91 + 54 + (90 - 9)?
44
Calculate 25 - 1 - (-5 - -9).
20
85 + (1 - 42) - 22
22
Calculate (1 - 21) + -1578 + 1627.
29
What is (-2234 - -2162) + 74 + -1?
1
Calculate -62 - 1 - -25 - 6.
-44
What is (133 - 152) + 51 - (-87 - 1)?
120
What is the value of 10 - (-7 + -7 - -6 - (-8 - (74 - 0)))?
-64
Calculate 8 + 3 + (9 - (-6 - 3)).
29
What is -426 + 424 - (99 + 2) - (-6 + 8 + -12)?
-93
Evaluate 0 - (-10 + 34 - -21).
-45
Calculate (-22 + 20 - ((-5 - 4) + -4)) + -18.
-7
What is the value of (-18 - (1 - -2)) + 876 + -897?
-42
What is (10 - -33) + 12 + (27 - -4) + -44?
42
What is the value of (3 - 3) + (-47 + 16 + 13 - 29)?
-47
Calculate 1 - (16 - (11 - (2 + 8) - -5)).
-9
What is the value of ((-2 - -5) + -22 - (69 - 82)) + 0 + -49?
-55
Evaluate (-462 - -630) + (-74 - -7).
101
What is -490 + 507 + (0 - -11 - 0)?
28
What is the value of (7 + -5 + 8 + 8 - 15) + 17 + 1?
21
What is the value of -21 - (-23 - 28) - (5 - (0 + 5))?
30
Calculate -205 + 253 + (-41 - 3) + -46.
-42
Calculate -4 + 3 + 3 + 3 - (-9 + 119 - 117).
12
Calculate -64 - -2 - (-208 + 207 + 8).
-69
Calculate 2193 + -2041 - (-6 - -97).
61
What is 145 - (14 - (-35 - -15 - -9 - -15) - -4)?
131
Evaluate (-2 + 0 - (-1 + 8)) + (-115225 - -115283).
49
What is the value of -18 - (-95 + (58 - 74))?
93
What is the value of (-57 - -45) + (120 - (0 + 0)) - -10 - 15?
103
What is -9 + -6 + -5 + 18 + -6 + -139?
-147
Evaluate 0 + 2 + -1 + -4 + 0 + 252538 + -252472.
63
Evaluate (-6 - ((2 - 2 - 0) + 3 - 10)) + -28.
-27
What is 1 - 0 - 90 - (-26 + -70 + 80)?
-73
(8 - (59 + 6 - -3)) + 8 + (-6 - 1)
-59
Calculate -19 + -17 + 20 + 21 + -85 + 4.
-76
Calculate 28 - 26 - -41 - 75.
-32
Evaluate -25 - -63 - 49 - (0 + (1 - 1) + -162).
151
Calculate ((58 - 22) + -31 - (0 - -17)) + -13.
-25
What is the value of 50 + 179 + (172 - 369) + (-2 - -17) + -1?
46
Calculate (18 - 43 - -9) + -76.
-92
48 - (-2 + 39) - (2 + 7)
2
Calculate 54 + 8 + 83 + -173.
-28
-4 - (50 + -2 - (7 - (-5 + 0) - 6))
-46
Evaluate -162 + 164 + (4 + -6 - 0) + 14.
14
What is the value of 10 - 3 - (43 + -20 - 2) - -53?
39
Calculate -2 + -134 + 101 + (26 - 1).
-10
What is the value of 13 + -1 - (41 - (-4 - (-17 + 15 + -5)))?
-26
What is -47 + (11 - -33) - (-10 + -2)?
9
What is the value of -5 - ((45 - 35 - (-1 + 15)) + 8 + -94)?
85
What is (10 - 37) + -18 + 36 + 15 - 37?
-31
Calculate (20 - 66) + -2 + 11 - 6.
-43
Calculate -5 - -24 - (-25 + 30 + -5).
19
((16 - 81) + 64 + (0 - 9) - 3) + 145
132
Calculate (-12 - (2 + -15 + 2)) + 20.
19
Evaluate 9 - (27 + -14) - (1 + 7 + 21 + -8).
-25
What is -17 - (-21 + -4 + -60) - (-9 + 1)?
76
Evaluate -13 + -1 + (-23 + 82 + 11 - -39).
95
What is the value of 0 + -9 + 25 + (-13 - -11)?
14
(-2 - -4) + -32 + (-28 + -71 - -97)
-32
Evaluate -18 + -12 - (76 - 138).
32
What is the value of (-1 + -3 + -5 - 2) + 2 + -5 + 1?
-13
Evaluate (-3 - -4 - 2 - -11) + 155 + -154.
11
What is 21 + -1 + -1 - (22 - (-5 + 7 + 27))?
26
Evaluate -94 + (-14 - (-109 + 31)).
-30
18 - (3 - -67) - (3 + 11 + -6 - 3)
-57
Evaluate 18 - (2 - 2) - (-1 - (-32 - (-11 - 12))).
10
Evaluate -148 - 14 - (-78 + -1).
-83
Calculate 4 + (70 - (-5 - -120)).
-41
What is (-1 - ((-2 - -5) + -7)) + 16 + 36 + -32?
23
Evaluate 76 - -3 - (1217 + -1180).
42
Calculate -27 - (-7 + (-85 - -147)).
-82
Evaluate 14 + 22 + (-8 - -13) + 42.
83
Calculate -14 - (-13 - (-11 - (-5 + -12 + 14 + 15))).
-24
Evaluate -86 + (-11 - -4) + (-74 - -90).
-77
Calculate 61 + -72 + 18 + (21 - 3) + 1 + 0.
26
4 - 4 - (-3 + (5 - -3)) - (27 + -12)
-20
What is the value of (-106 - (56 - 75)) + 6 + 0?
-81
Evaluate -84 + (-47 - -66) + 24.
-41
What is the value of (5088 - 5046) + -34 + -1?
7
Calculate -48 - (3 - -3 - (-133 + 150)).
-37
What is (47 - -10) + (-96 - -22)?
-17
What is the value of 85 + (-31 - -35 - 32) + 23?
80
Evaluate (92 - (-77 + 15)) + (2 - 17).
139
What is the value of 30 - ((-969 - -1108) + -30 + 1)?
-80
What is 28 - (0 + -1 + 67 + -76 - (-13 - -2))?
27
1 + 39 - (844 + -819)
15
Calculate (22 - ((22 - 32) + 2)) + -24.
6
Calculate -48 + -394 + 405 + (-26 - -1).
-62
What is -686 - -633 - (27 + (-4 - -2))?
-78
What is -10 - (-13 + 1 + 0 + -18 - -8)?
12
Evaluate -3 - -3 - (1 - 86) - (1548 - 1532).
69
-31 + 6 + 31 + -9 - 63
-66
Calculate -10 + (-1 - -4) + -4 + (1 - -5).
-5
What is the value of 18 + -38 + 29 + -97 + 25?
-63
Evaluate 1 + 109 - (196 - (153 + 61)).
128
W